{"id":199,"date":"2013-01-08T15:12:39","date_gmt":"2013-01-08T15:12:39","guid":{"rendered":"http:\/\/xn--friedrich-ludwig-jahn-grundschule-lbben-zce.de\/?page_id=199"},"modified":"2022-04-29T14:59:11","modified_gmt":"2022-04-29T12:59:11","slug":"impressum","status":"publish","type":"page","link":"https:\/\/friedrich-ludwig-jahn-grundschule-luebben.de\/?page_id=199","title":{"rendered":"Impressum"},"content":{"rendered":"<p><strong> Die offizielle Homepage der Friedrich-Ludwig-Jahn Grundschule<br \/>\n<\/strong><\/p>\n<p>Friedrich-Ludwig-Jahn Grundschule L\u00fcbben<br \/>\nDreilindenweg 20, 15907 L\u00fcbben<br \/>\nTelefon: (03546) | 4066<br \/>\nTelefax: (03546) | 220838<br \/>\nE-Mail: <a href=\"mailto:info@fljs-luebben.de\">info@fljs-luebben.de<\/a><\/p>\n<p><strong> Inhaltlich verantwortlich:<br \/>\n<\/strong>Friedrich-Ludwig-Jahn Grundschule L\u00fcbben.<\/p>\n<p><strong>Layout &amp;\u00a0Programmierung:<br \/>\n<\/strong>Thomas Stoye (Webmaster)<br \/>\nVincent Traube (Administration)<\/p>\n<p>Inhaltlich Verantwortlicher dieser Webseite gem\u00e4\u00df \u00a7 10 Absatz 3 MDStV ist die Friedrich-Ludwig-Jahn Grundschule L\u00fcbben (Anschrift wie oben).<\/p>\n<p><strong> Copyright <\/strong><br \/>\nAlle Rechte vorbehalten. Insbesondere d\u00fcrfen Nachdruck, Aufnahme in Online-Dienste und Internet sowie Vervielf\u00e4ltigung auf Datentr\u00e4ger wie CD-ROM, DVD-ROM etc. &#8211; auch auszugsweise &#8211; nur nach vorheriger schriftlicher Zustimmung der\u00a0Friedrich-Ludwig-Jahn Grundschule L\u00fcbben erfolgen.<br \/>\nF\u00fcr unverlangt eingesandte Manuskripte kann keine Haftung \u00fcbernommen werden. Mit \u00dcbergabe der Manuskripte und Bilder an die Redaktion erteilt der Verfasser derFriedrich-Ludwig-Jahn Grundschule L\u00fcbben das Recht zur Ver\u00f6ffentlichung. Honorierte Arbeiten gehen in das Verf\u00fcgungsrecht der\u00a0Friedrich-Ludwig-Jahn Grundschule L\u00fcbben \u00fcber. Warennamen werden ohne Gew\u00e4hrleistung einer freien Verf\u00fcgung genutzt.<\/p>\n<p><strong> Haftungshinweis<\/strong><\/p>\n<p>Die Friedrich-Ludwig-Jahn Grundschule L\u00fcbben hat auf ihren Internetseiten Links (Querverweise) zu anderen Seiten im Internet geschaltet. DieFriedrich-Ludwig-Jahn Grundschule L\u00fcbben erkl\u00e4rt ausdr\u00fccklich, dass die\u00a0Friedrich-Ludwig-Jahn Grundschule L\u00fcbben keinerlei Einfluss auf die Gestaltung und die Inhalte der gelinkten Seiten hat. Deshalb distanziert sich\u00a0 die\u00a0Friedrich-Ludwig-Jahn Grundschule L\u00fcbben ausdr\u00fccklich von s\u00e4mtlichen Inhalten aller verkn\u00fcpften Internetseiten, die nicht auf dem Server der\u00a0\u00a0Friedrich-Ludwig-Jahn Grundschule L\u00fcbben abgelegt sind. Diese Erkl\u00e4rung gilt f\u00fcr alle angezeigten Links und f\u00fcr alle Inhalte der Seiten, zu denen die bei der Friedrich-Ludwig-Jahn Grundschule L\u00fcbben installierten Banner und Links f\u00fchren.<\/p>\n","protected":false},"excerpt":{"rendered":"<p>Die offizielle Homepage der Friedrich-Ludwig-Jahn Grundschule Friedrich-Ludwig-Jahn Grundschule L\u00fcbben Dreilindenweg 20, 15907 L\u00fcbben Telefon: (03546) | 4066 Telefax: (03546) | 220838 E-Mail: info@fljs-luebben.de Inhaltlich verantwortlich: Friedrich-Ludwig-Jahn Grundschule L\u00fcbben. Layout &amp;\u00a0Programmierung: [&hellip;]<\/p>\n","protected":false},"author":1,"featured_media":0,"parent":0,"menu_order":2,"comment_status":"closed","ping_status":"open","template":"","meta":{"footnotes":""},"class_list":["post-199","page","type-page","status-publish","hentry"],"_links":{"self":[{"href":"https:\/\/friedrich-ludwig-jahn-grundschule-luebben.de\/index.php?rest_route=\/wp\/v2\/pages\/199","targetHints":{"allow":["GET"]}}],"collection":[{"href":"https:\/\/friedrich-ludwig-jahn-grundschule-luebben.de\/index.php?rest_route=\/wp\/v2\/pages"}],"about":[{"href":"https:\/\/friedrich-ludwig-jahn-grundschule-luebben.de\/index.php?rest_route=\/wp\/v2\/types\/page"}],"author":[{"embeddable":true,"href":"https:\/\/friedrich-ludwig-jahn-grundschule-luebben.de\/index.php?rest_route=\/wp\/v2\/users\/1"}],"replies":[{"embeddable":true,"href":"https:\/\/friedrich-ludwig-jahn-grundschule-luebben.de\/index.php?rest_route=%2Fwp%2Fv2%2Fcomments&post=199"}],"version-history":[{"count":12,"href":"https:\/\/friedrich-ludwig-jahn-grundschule-luebben.de\/index.php?rest_route=\/wp\/v2\/pages\/199\/revisions"}],"predecessor-version":[{"id":4053,"href":"https:\/\/friedrich-ludwig-jahn-grundschule-luebben.de\/index.php?rest_route=\/wp\/v2\/pages\/199\/revisions\/4053"}],"wp:attachment":[{"href":"https:\/\/friedrich-ludwig-jahn-grundschule-luebben.de\/index.php?rest_route=%2Fwp%2Fv2%2Fmedia&parent=199"}],"curies":[{"name":"wp","href":"https:\/\/api.w.org\/{rel}","templated":true}]}}