{"id":2053,"date":"2016-11-10T09:29:06","date_gmt":"2016-11-10T08:29:06","guid":{"rendered":"http:\/\/xn--friedrich-ludwig-jahn-grundschule-lbben-zce.de\/?page_id=2053"},"modified":"2026-03-03T14:43:58","modified_gmt":"2026-03-03T13:43:58","slug":"schulengel","status":"publish","type":"page","link":"https:\/\/friedrich-ludwig-jahn-grundschule-luebben.de\/?page_id=2053","title":{"rendered":"Gooding.de"},"content":{"rendered":"<p><iframe loading=\"lazy\" id=\"Gooding Banner-Widget\" title=\"Gooding Banner-Widget\" src=\"https:\/\/erweiterungen.gooding.de\/app\/widget\/foerderverein-der-sportbetonten-1-grundschule-luebben-e-v-118968\/medium-rectangle\/tab\/0\/donations\/1\/v\/1709554876.oIUsLnWZ5BDNJrHBqEOJP1dCStQbogm1STfI6EMWzMNpcq0U%252FkgAN1az9kRSH3aUS7OJRylHj62R44S2I8t5CT7FAoNunc3s4Aph0SbbRDBvk4w6h0YqR46nMSJ%252B%252FmrEYXbV%252FFRPcMu%252B2fu4qyAGLG1E1eg4G4FdkEd5tHQnRdo%253D\" name=\"Gooding Banner-Widget\" width=\"300\" height=\"250\" frameborder=\"0\" scrolling=\"yes\"><span data-mce-type=\"bookmark\" style=\"display: inline-block; width: 0px; overflow: hidden; line-height: 0;\" class=\"mce_SELRES_start\">\ufeff<\/span><\/iframe><\/p>\n<p>Liebe Eltern, liebe Lehrer\/innen, liebe Ehemalige und liebe Freunde und F\u00f6rderer,<\/p>\n<p>mithilfe von <a href=\"https:\/\/www.gooding.de\/foerderverein-der-sportbetonten-1-grundschule-luebben-e-v-118968\" target=\"_blank\" rel=\"noopener\">Gooding.de<\/a> haben wir die M\u00f6glichkeit, ganz einfach und ohne zus\u00e4tzliche Kosten, Gelder f\u00fcr unseren F\u00f6rderverein zu sammeln \u2013 die wir gut f\u00fcr die F\u00f6rderung unserer Kinder gebrauchen k\u00f6nnen.<br \/>\nViele Dinge des t\u00e4glichen Lebens werden heutzutage \u00fcber das Internet bestellt. Das Portal Gooding.de ist ein Spendennetzwerk, dem sich viele Online-Shops angeschlossen haben (Zalando, Viking, Ebay, JAKO-O, Otto, Expedia u.v.a.). Diese Shops zahlen eine Pr\u00e4mie, wenn Sie beim n\u00e4chsten Einkauf in Ihrem Lieblingsshop vorher \u00fcber <a href=\"https:\/\/www.gooding.de\/foerderverein-der-sportbetonten-1-grundschule-luebben-e-v-118968\" target=\"_blank\" rel=\"noopener\">Gooding.de<\/a> gehen.<br \/>\n\u2013 Die Nutzung von <a href=\"https:\/\/www.gooding.de\/foerderverein-der-sportbetonten-1-grundschule-luebben-e-v-118968\" target=\"_blank\" rel=\"noopener\">Gooding.de<\/a> ist kostenfrei.<br \/>\n\u2013 Der Einkauf kostet keinen Cent mehr.<br \/>\n\u2013 Sie m\u00fcssen sich nicht registrieren.<br \/>\n<a href=\"https:\/\/www.gooding.de\/foerderverein-der-sportbetonten-1-grundschule-luebben-e-v-118968\" target=\"_blank\" rel=\"noopener\">Gooding.de<\/a> wurde von uns getestet und f\u00fcr gut befunden! Wir freuen uns sehr, wenn Sie bei Ihren Eink\u00e4ufen im Internet den Weg \u00fcber <a href=\"https:\/\/www.gooding.de\/foerderverein-der-sportbetonten-1-grundschule-luebben-e-v-118968\" target=\"_blank\" rel=\"noopener\">Gooding.de<\/a> gehen und damit kostenlos Spenden sammeln.<br \/>\nKlickt einfach mal oben auf das Bild.<\/p>\n<p>PS: Wenn ihr bei der Einrichtungssuche unter Projekte &amp; Vereine einfach nur das Wort \u201eSportbetonten\u201c oder das Wort \u201eDreilindenweg\u201c eingebt, findet ihr uns schneller.<\/p>\n<p>Euer Schatzmeister<br \/>\nDaniel Walla<\/p>\n<p><iframe loading=\"lazy\" id=\"Gooding Banner-Widget\" title=\"Gooding Banner-Widget\" src=\"https:\/\/erweiterungen.gooding.de\/app\/widget\/foerderverein-der-sportbetonten-1-grundschule-luebben-e-v-118968\/high-banner\/tab\/1\/donations\/1\/v\/1709619308.65ed77YZIp7GGQgRx36O5wJoiVys%252FzNbkXe%252B0kYMviR7TIZjuJKRJVG2jAn35yk%252FxHnWcStKz6Z6jKp%252FKpf0OOA7Vr2DMW8RfVg7S%252Bxgi0VFQ1F4ksOwGPwKEq4WqMW9IO0l3RYooyi9pFgxFXNmOwFVm27z4JDYuUa%252B9vL2cM0%253D\" name=\"Gooding Banner-Widget\" width=\"468\" height=\"175\" frameborder=\"0\" scrolling=\"yes\"><\/iframe><\/p>\n<p><iframe loading=\"lazy\" title=\"Tauche ein in die Welt von Gooding\" width=\"620\" height=\"349\" src=\"https:\/\/www.youtube.com\/embed\/ECCasC4jO0k?feature=oembed\" frameborder=\"0\" allow=\"accelerometer; autoplay; clipboard-write; encrypted-media; gyroscope; picture-in-picture; web-share\" referrerpolicy=\"strict-origin-when-cross-origin\" allowfullscreen><\/iframe><\/p>\n<p>&nbsp;<\/p>\n","protected":false},"excerpt":{"rendered":"<p>\ufeff Liebe Eltern, liebe Lehrer\/innen, liebe Ehemalige und liebe Freunde und F\u00f6rderer, mithilfe von Gooding.de haben wir die M\u00f6glichkeit, ganz einfach und ohne zus\u00e4tzliche Kosten, Gelder f\u00fcr unseren F\u00f6rderverein zu [&hellip;]<\/p>\n","protected":false},"author":2,"featured_media":0,"parent":0,"menu_order":0,"comment_status":"closed","ping_status":"closed","template":"","meta":{"footnotes":""},"class_list":["post-2053","page","type-page","status-publish","hentry"],"_links":{"self":[{"href":"https:\/\/friedrich-ludwig-jahn-grundschule-luebben.de\/index.php?rest_route=\/wp\/v2\/pages\/2053","targetHints":{"allow":["GET"]}}],"collection":[{"href":"https:\/\/friedrich-ludwig-jahn-grundschule-luebben.de\/index.php?rest_route=\/wp\/v2\/pages"}],"about":[{"href":"https:\/\/friedrich-ludwig-jahn-grundschule-luebben.de\/index.php?rest_route=\/wp\/v2\/types\/page"}],"author":[{"embeddable":true,"href":"https:\/\/friedrich-ludwig-jahn-grundschule-luebben.de\/index.php?rest_route=\/wp\/v2\/users\/2"}],"replies":[{"embeddable":true,"href":"https:\/\/friedrich-ludwig-jahn-grundschule-luebben.de\/index.php?rest_route=%2Fwp%2Fv2%2Fcomments&post=2053"}],"version-history":[{"count":11,"href":"https:\/\/friedrich-ludwig-jahn-grundschule-luebben.de\/index.php?rest_route=\/wp\/v2\/pages\/2053\/revisions"}],"predecessor-version":[{"id":7514,"href":"https:\/\/friedrich-ludwig-jahn-grundschule-luebben.de\/index.php?rest_route=\/wp\/v2\/pages\/2053\/revisions\/7514"}],"wp:attachment":[{"href":"https:\/\/friedrich-ludwig-jahn-grundschule-luebben.de\/index.php?rest_route=%2Fwp%2Fv2%2Fmedia&parent=2053"}],"curies":[{"name":"wp","href":"https:\/\/api.w.org\/{rel}","templated":true}]}}