{"id":4606,"date":"2022-12-15T21:37:40","date_gmt":"2022-12-15T20:37:40","guid":{"rendered":"https:\/\/friedrich-ludwig-jahn-grundschule-luebben.de\/?page_id=4606"},"modified":"2022-12-15T21:40:39","modified_gmt":"2022-12-15T20:40:39","slug":"friedrich-ludwig-jahn","status":"publish","type":"page","link":"https:\/\/friedrich-ludwig-jahn-grundschule-luebben.de\/?page_id=4606","title":{"rendered":"Friedrich Ludwig Jahn"},"content":{"rendered":"<div style=\"text-align: center;\"><span style=\"font-family: arial, helvetica, sans-serif;\"><b>Das Geheimnis, mit allen Menschen in Frieden zu leben, besteht in der Kunst, jeden seiner Individualit\u00e4t nach zu verstehen.\u201c<\/b><\/span><\/div>\n<div style=\"text-align: center;\"><\/div>\n<div style=\"text-align: center;\"><span style=\"font-family: arial, helvetica, sans-serif;\">Friedrich Ludwig Jahn (1778-1852)<\/span><\/div>\n<div><\/div>\n<div style=\"text-align: center;\"><span style=\"font-family: arial, helvetica, sans-serif;\">Unsere Schule tr\u00e4gt seinen Namen:<\/span><\/div>\n<div style=\"text-align: center;\"><span style=\"font-family: arial, helvetica, sans-serif;\"><b>Friedrich Ludwig Jahn<\/b><\/span><\/div>\n<div style=\"text-align: center;\"><\/div>\n<div><\/div>\n<div><span style=\"font-family: arial, helvetica, sans-serif;\"><img decoding=\"async\" class=\"aligncenter\" src=\"data:image\/jpeg;base64,\/9j\/4AAQSkZJRgABAQAAAQABAAD\/2wCEAAkGBxMTEhUTExIWFhUWFxgXGBgYGBoXGBgXFRgWGBobFxcYHSggGBolHRcWITEhJSkrLi4uGB8zODMtNygtLisBCgoKDg0OFxAQGC0fHx0tLS0tKy0rLS0tLS0rLS0rLS0rLSstKy0tLS0tLS0tLS0rLS0tLSsrLSstLTctKy0tLf\/AABEIAQAAxAMBIgACEQEDEQH\/xAAcAAABBQEBAQAAAAAAAAAAAAACAAEDBAYFBwj\/xAA+EAABAwIDBQYFAgUEAAcAAAABAAIRAyESMUEEBVFhcQYigZGh8BMyscHR4fEHI0JSYjNygsIUFRZTc7Li\/8QAGAEAAwEBAAAAAAAAAAAAAAAAAAECAwT\/xAAgEQEBAAMAAwEBAQEBAAAAAAAAAQIRIQMSMUEiUTIT\/9oADAMBAAIRAxEAPwDA165JMWufugLnREyYuOccAlUMT1Pj1UYdF5uVxO9bpEgGTx1KIuI1IKjaZBnw\/VM4T6585Ub6pKyofBL4kBRtP0n3xSnIIBNfPTROHa3z9++aASfNPPX37CpOggwbzKXxCRx\/dCQM9dEQPBUVhmE8dfYjzUpdz0\/KjI8\/fonyHmjY0JrpSL+Pv9VEMrft7+6cvzz4pBJiM65afRRvcROZzA4oyT1uhJz8UThWApudBknXW4j7KVtTmfPzlQ\/DzygQI+vUCPVHlcg9Tfp4fomITq5mBPPnzTmtY97I5fnmoy\/hla\/GRPkhqUNJtJzvJtmjhJX1zPzGDz096IX1XcTF7A++SGJtwzHiFG10E6czqeXBUAuqEXk25n6TmoDVJ1tlnoOM5qao\/Qa+BVOY\/PqtMWeS03aT\/c7zP5SVbH7lJVpO3TeZOmeX5ThwEk3GXMnokCJMe4TvdJ48PBct+ukQdaYi0hA6qCSJ8PD68kTXQbT+f0TNaOU6c+aR6GDz9x5p2gkDF+Rlp6JNveZ+yYiEGcm+k\/T9EMaSlEH098U+mfjmf1HNBGATkSM\/XmhI9+9Fb2DYn1TDbN\/uOXhFyi\/7RJv4qERf3+ieFsdh7GNN3ucels\/BdP8A9B0SLYpOuInOVH\/pPyK9NfrzkeX4SJ0XoO0\/w6EHBVIPAiQs1vfsrtNCSWYmxMtBNumaqZxPr\/lcWUic\/rwQjmffPnZOW29wrTTNOmucKRw9EIGs5E\/ukAOd8rpaCKpYjPLPhH7lPNuHh5T71UhbfTj4JG1h+\/RPZAe6JjO3kP3KjqmDYcb55Gb+BCKo6B79gqEi2eef6lVinavqZn7ZqNxv6Iokxfknqs+0rVAWDiD5JJ8B6+CSeydImCR9uuSPD0CWC987zxzOahILgY8vr06LlvXUsMIJPLL6oWtjxvdPSpwMtD9EQH1P38khpG5yMdfqn+H+PXVINH36Tkj8BEzp4DiPuhe8ATIGgP45onQMxlK7\/YDZaVXHUqN7zflgAuvkAT8o9bKsZ+pt04O7Nn+LUwOBDc4yJ\/8Az0Xom6NhaAABEWjmqFbdPwnB5ZBe8yCL2yPC\/DLzXe3WGgx7uY+y5\/Jd3TXDmO3e3dsgiT9\/RdZuzjzUeyUxC6LGiy6fHhxyZ5dVHUQq9Wi3UWKvvaFE5g8k88UyvOu2XZBj5q0AGvzc0ZP8P7ua83cCJBsRII56hfQlaiCIXlnbvcYY81mDOz\/CwPWInospfW6dGN3GMcJHC\/4siP2MdU8H3lpZJ+XjZVsIy6dOHoIKEOI5\/nopHNOc6ZZyQoKxdOfRVJE3iKqZ6DIdP3URdpPG9jEfp9lYa0iDbK8396KJ54iT6ftZaRmC0G3LryPvRVnPyjwup6htGvDlzPioRRPvVaQqOm4xqkiZaySfC66NUkH34IRVm0WH1KN0Gfd+Xoonm83i2fTSLrl1HV1Yp1JtkLGb62hE3Fi5RHQ6fZMwIcOs5c7KeGkZVBE+f4Ti2l9eoFuqia+8cPchELE+7JWBDVYXy0NMWbIGucSSAIGpWq7Lt+E9pwYQS5pgyXOxSAB\/cADe9oWdoVSHOaGhwc2YOcxEN5r0vcjaNWlTaQGVQxrMZAkBowlwj+7Ug3OK+q0vyRlXW360VqPxW3IEgC+uq5uxvwEgyCD6q7V2sbM+DLqZaZOuFkXAGpN45xoszW3017sTQWtFhOZ1JPGTdc\/lnfZp4d3j0Tdm0Aj1zXUY4Qsv2e2huAam2UZm8DQcfFaBlVpGY85W3jyumPkx1ViQgJGSaRx8kxIV27ZhfCz3afZw5hByIIPS60EtXI37TbgJyEaz71+ixz+NPHdZPGd47IabjmW5zytE8eEquDa545rudoqHcxtixc12UkQ0SBFxYeq4FMzy80Y9xbXl0Mk89Dz81BWdew4+AClq8r\/cwEDWRHQW59eF1pjxNBHGZz96cVCdn524Afj6qw\/LOPd1BWPO0XPSNVc2i6VTSz4a\/p0SZfIwL68OHBWwZvED6Ks5496nUlaSpsgCOYHUwknbJyKSpPF8DPX94F80VJk8VFj73S8Rl0IvHJWaToyv0C5cnTDt6e+KKARf3zSDgM8veifEIIz5T4ZqFIqkCSeZ\/bmnHvVG1k9Dl71\/VJokTf8AE6FPZAobXVpvxMALbkhzA4SP8s2mIyIzWo3VTNUNqYy14bDSXCQCDcCLDvOIk5lZOltjqNRjg6LtJGbXBpDrjXrY8Fq37UapbUbga50EuGMtLicRIZisTnncjoFec5KiS7rR9qHu\/wDCfDLwamLC4tAMB5LnNHICBxssY3aQGlrs2kgkaXziPRad1cGjLmkwSYcIcXE\/NgGVjYaLibobNd1QtFyYa64k215WWOXeqw3Er98uoU+60lxAY0E4c5JLnDQgtdPgIiFY2btPtTy2kK5pPdAaaezl8HI95xEmRFmjS0RPdrdl6Fek0ilTaYBycSQcxLybC0Wi2Wi6m691hjxUdgc8QBU+Cz4hAEDE9sCYgTE2jKFWNxn4We6wdTfO8qFUuO0l7G904mgCR\/S9haHMdyOkXML0jdO9vibGNpqE3biMd0Nw6CNFnu3bBVaadJgLpa6q8AAmAcIJAueuQU\/Yuhi2apQeNCI4gg5qvbeUK4fxtFuTtu2uHSyqCD3LMAqgWJbiuCfL1VveW\/8AZ3n4Jc9tcH5XtLHG2eE\/0keFnLlj+H1F7WgFzXAg4\/8AU0Frw4RBiDhuQQQm2zstWdXplhPwqbi2njnG1rmgu78n+XiEhpsC4xAMAy1YWM\/pxtvbTfshJEGmXEETHzGIJ4ZEZeIWULv1Wq2Cl\/K2ijUkPY57RGUmMU8LFp4ibLIUjySwmppeV6IH376KNrzc+SkqXEAaXULW3gi0X0vOX3Ws+ItO59r5n36KD4s\/8ePGMyPFHVAMxmLcwJt+fJRMeNc7+R4jXL1VyItHVAAz8FUg6n9EZuYAHXldLDGZOfvwy8leM0mnpU8QkydBHDP6kpI9nZIz+32TplpYZTJcZsCINrjodVIbAC1p+kceXNM2sJMxGnM9UTIi8Ej6rlrpkO5wOaJrTmZ1sfxonpnkfuRP1Uj35jIxxmwtwzj6KbVaR1TAsBw4cre+CemLnwi+hk3OpTxDjcQRa3C2vh5J8Zj2LDlqUBQ3pJZPDPhzVvdVV7aoE90tJaJ0a1py439OSE98QQb2vnrn+eabdjMUU3f0mWuyc0g2AcMwfHNayz11Uavs327Hy0NzEgzH9wvfUkz0C4JpVqQLsOEOqEAAkwJMAa4RYdQtbsm6SaJqMMEmTEAzeBEWAGg1jxjbL3VGOaMyBqCYEEDjBkkarm7Pqty3iDs1vp7WtFSb5E3+W0Seg81t931WvAiJzy5Lzl9HDTNNwgtq93pA+xhaHdNapTaBm5xzyEceinHK76vLCZTcd3e9SlQYQAC4zDRcuJ1hU+xbxUe8gnmMoIN7cdIXnO9e0Ndu3PqNGMt7rBfCR\/d4km\/Jd3s\/2n2htV9Q7I+al8EtDS6B3mkxFoC11dys9fzZt6LSglzToZBFok5dFT3tvRlCm5x0BteTz\/Rc7dO8qtRja76L6UucxzXC4cHGDzBEXXI7Z03OJPKZ9lTlnYnHx7rjdkq7KlWvUrEYXP1mxOEA2I8VyO2Gx02bQ40xDTztOEFwGpAJz4OA0CNlBopNbJmpk5oHytvIaYm5dbnndcDa6hxuxOnDInhwJ4E6rXDsLL\/oxcJ4QFGXjTnx+mqEHw63gJNZxI\/aI8504LTRGeAZnMDPhpbxVUwMx9FcOoH0t5qnVF+McbZ8lpimgqOvy\/XProlUfPL8fZRxfOToETm66qmaSlVskhpskW+6ZPg6vO4ACx8R1EiVPTFs\/wBJ6C0KsDBz421N+A8VaFbvXA\/PW+q5M3VikBAFzYWtEcJI6pOqHSwEX4ZeQyuotTMQNL9feamZnnPSOtre4U6VKTs888tc9OaZpP7fZNTf5zAIF\/HVG29yB7yz9UgTxGec+7cM1e3buz4hDxGICbjUcBxyHgqIdc8v2+3qr+4d4hj3X7xAERNgCSZ45DiJm6LMtcK2frb9kt4uLMDpk6H+53eN9fm9Fa22g8VDhJzMgAXFpgLn7lpuLi8G4wkgDMjS5t4LbbDs+JuKczOUnlfQqcZc4ztmN28935s7xVx3h1xAygAR1MlaDYt0mtTxV34GRkDFouXTeZnku9vWmAxznMb3Yk6C+Xqsl2srBzCGtfUkNw0wcNNogDE6Pnnhl1SuOsurxztnAP3nuvZ3OY17X4W2nvS6ZAJ1EG09Etp3\/u6oz4znh2AhpADg4mMoibmbrMbkoVKVQgU2uk4i1zAc7xxW42epVc7DU2KnDgWhzSATBEiCy4uLgi0J\/wA2qkknbV7dO9dmr22eqCPlw6TGId05TfyjRU+0VN0Q0EgiCAJuRy5arlb13W1pxUgab2EwQBLXNOpzcMs\/oo9wdpiWPbtBiqHNAMWJDSJzy0g8eaNSs7dXcRV9yh2ztZUluF5wOmwDmwJt8pgmBGYzXn217OWVHNebh+lwY1E6EEEL2Dad8CpQJwDBhAF7kwSIEZ6Qei8d2mqS5xiO+bG+GLDyECLZLbxc4Vu6iDLz7zhO6RmOGsaTNkwcBpYT4qN1QExEW9+i2SM1oB4c\/eShqOm839+amLwRB046aX96qk91zw4JxGVSMDY4HXp+VHV\/Cka6BPTpqoec6+7q4mrezgxbJOm2dwjIm+hToGx1SJzj0yT03EXPvRAagBMnI5eP4QNrG32tlxWNjfa2HTIvA5fccfurJEfUTr6dFWp6anhOqEv1E5R1FvLgs9bX8WSwiIvx6HP0KkHHMWjibewoQ\/79Y+2qkE6jjHseCmw4f5jxPT198FcdsrW0G1wL0yMXEtdZ03y1VvZd2FtIVSPmyF5A4nn+Va3C1tQVNnfYOBbfQEWJtpPojGlm1PYrA9pcDIPMTpJPrC1u49oLZpnNsgeBNuoELzTsNVfspq0awh9J5YWcTof9psVr917RUk1MJLbDERBJIku9eHBGOsMtMcpcpto98bI+rTLWGCRAPXiNQuNs+43bPThzxUk3hpmNMzlmu7sG8MbbGR8pNrFsT+ysbY2QR\/dIPTLNXn48cuxGOdx44O7qLSNCTOeZIMeds1LtG5mnD3nNI\/tJiOfDhaMlUqUqlKoHMvyi1uHLkrH\/AJkakScFiYEScp0WUsn51pq39Wa+5m4S6+KJxG5Nr4tDkvMq+zOdWqsacQLO9ItZx4ZfLmvQq2\/8QcxpnMCbTYTduf6rk7p2AUqznub84ZzsDPiMk8vXkxGG5u1U2DZTToAxiBixGUADDfkBf2cBv+iPi1cIc0tcCWusYPdnKXNgC5uecSvVdr3mymwPczCwlzS63deT3ZB\/pMESMoCwPabaWOxvIAMjJwkB2Ei9y4Al\/DIDSTOE9ave2OrUvrfnqJ5XQBgHU2OtpzRuJDiZ6T6+9E9B0TzHj+y658QiquA++nqquIZ4fcDyU9TnEc9fDgoS6+g5+CvFnkWDhl4X5Dp90Jbrw+6dr9BHW\/NROdOWiqRO1yg0x+iSjogxmmRo9wzhc\/vzRsfGV406IXZmcuI1RNaJj3morSLFN\/vnlf8ARMH3IEHjy5x7zQgaT+kIKtRoUSdVbr6s0Xyb21k87ZarS9ndz\/FewuacBOX90ZeF\/GVjKm2GDFhF+JA4nTh4r3Dcm7iPhPaBhBA\/4vh1Mj\/EtI8lGeFmuCZzVT763NYsFoAw9LfeQsbtW6KlF4qNEEHhII53Xre0bOXgjUZLP7bs0y0jJLyeLV4zw8u\/rHbRWFV1OqYDwMBOpibHjHGVtNr2h\/wGCm2+AWAsANSBnkDCzG1bDBy143Gd7Ltbi2\/EDJ\/pEOIicI7zYnOQesjisrLtruWKO4NoNFz6b5nHih3+WRInOLnK5PBbAbWTAEkc\/X3yWP2fYWv2loLnOqODS90d0OILsLRyFpPBdirtBpnAScTIxHk67QOGZ5p47xRnq9duoyTPEqptu621Gi0FpORg96+luV+SGht3jafT34hX9h2kFvMn36Qq\/m3SZudjn7LuVo7wFp8Lkm3DP3CtbdsUtAOnDT3HkdFYp7SJLDaL+H6mUO37UMJkiftnPJVj6SWQrcrd1gv4iVmjZfhkG5aYBj5b5x\/tMBeevJDcMBpzsItLYlutxGeYM522XbGuXHCZdjf3IEYQ1mHvyTPhHDRcHa9zPawVC3ukgxJOF1pwuiQHQO6ciJuDaZdfW05Gafl0kcRGkeqB3AXP2KN7IJbflIvEmJg219OSB7osAtomo67culupn34Ku8H3xGXU3+qmcbiTkULn6fty+61jPJE5vvmmB5oWPuk6PfiqQtUni99UlHRZZOgydw9ELqoECZI8J8Qgr1oMD9VWhTIr20lqVSeQQBNZO0R1VaRbsbeK9v8A4P7\/AG19m\/8ACuP83Z2gD\/KjMtI5sPd6QvEGwr+5d7VdlrM2ii6HsM8iNWEagiyCfU7Wm0hV9s2EVB3vAjT8hQdm9+09t2dm0UpAeLtObXD5mujUGb8F1ngp8sZ9jzrfey1KLoeLEWd\/SRy1B5FcnYZBcYJbPfwn5Re8fcaeK9V2zZG1GFj24muzBH04HovGN\/sq7HtDqckRBYbjEw3aRFjbTjIXL5fH6\/G\/jy23FPZ8RbVYQHAhz2i9yBiA4TeDex4i7baA4ua4iarb6EuaAPEak88tTR7K70xtFQNmp3mECwDpnjlEH2F2NqrUahl+FpxEsNs3SIHWBY8Vll\/zz60m5WdfvD4ZyJAOEwASOBLZv4LR0CWsxCcMAg8ZvaepCq7Ru8XyvBEwPAkZEcxBQ7HvxjWfDLw4ta4EG4zGG\/CZgTKzw3b\/AEvPWuBrMcX4g7h4gE66rps2XFSuc7k2JDjYg8oj1yUO3PAo94guIkRAEnMC4j91T7M7xlhdiBDnETOZbDTbQiCI5Sr9JhUe1yihV7L1n1xVY9g+EMIDpPeuSNZY6dbiT1Vjbqbnk08AZgbDhnLbHCT\/AFBriYOYBXcdtzabrkDGRINrxn0gX4Kg0B3xKmLMvAJtILWNBJ0HdJlGpZqH7X7fx5N2p3SaRDx\/pucYMHuwBDCemRm46LO1Dz45W4enPyXu+5d2s2igW1GY6dTGIcIlsw0jyBB5nKFgt9fwr2pr3HZ3MeyYbjdgf0IALTredFp4cr69Get6ef1jOVhmdPfRQER08\/NXN47FUoVHUqjS17TDm2Inrkqbj5rqxZUzG6nTl9VGTdG508\/T90EKoirNCpZJDQBjJJMbQPzMoZkZ5I3nNA3gpMgnnNHkgc1BCbnmOF04OiEHxSbCA9E\/hF2tbsld1Cs8No18nO+VlUWBJ0acuscV6pvzt\/sGyT8TaGvf\/wC3R\/mvJ4Q2zeriF81ubPvih+FHDPIJy6K47esb2\/jdUJI2bZWtb\/dWcXO5HCyGjpJWS3z\/ABH2zaQBUFAgSW\/yhIng6ZWTwKP7J8v0ta+N72U7WvpktbWpNNQyfitIaHEYT8uhED1V7eu7K9AfH+KKjG1Ic0Ej4bshhxSXNlrmzNoHGBgNgfhe13A6R\/SQb8srrs1t41jTYzEcDjiaSYHdMA34uxXOq5vJhd8+OjDKa3+tttG0bU5jHwXAAugExczmPm0suO2g+nU2f44dSZUe7EYsO+XAQLZGP+PSel2d7VuoACrSewZF8tfS4EktuBneCB4Iu3+9i9jRMAOGHukEFp7r2nKBFjw8Fhjhq6rTLL\/Gs3jumo6k5zagJ+ZsajCIwkcro930RT2ZmEAjAHTrLu9x5n8rC9lNp2uuG\/AwgYsFRzjJZgBuyTzkAfeBsWbeygz4VSoCBYGOMnCTObTiAPAgRaTPkxE+MX2p36+o8AYmfDcHUz\/e4AyYjKIzi482O3tq0nhr3B9RrS6+WFxkGflGZzRdvd1fDpnaabiGFzRax7wJ1zaeI48Astu3a4Be0AuDSf6jcB0i2shs9RnmtZhvHcL2m7K6mzdtd5bJUwOruABswgOaAJFhF\/NdDa\/4vbwHdaaNv6vhX8BMePNZbeTnbUWva2Kpbdtu+GDDjZN\/6YLZNxay4jl14zjmzX97b6q7TUdVrODnuzMAZcAMlUPJRJNVaid1Im1SSCDWtnNskkNDJJAQHMoAVK+x5+9NFCFKhvRNYcPj9UI45dSnZP3QAFse7JQjqE8ffRAQcuKCS03FHn+ZhQz9EbUGcsHvqoi1SvUZCCoWPIM6j8rtbJt1Os1tGu0gD5KlOJa2PlwuzbrbguM4KTZgQ5trHLnmPz5Is2MbY6+z7gd8UNBBaQC1wgEt0kf0uiCQcpWs7Ubnrimw9wMYIbhde+hHkLcFk6O9Phim2ThaSHOZnEg2DokA3ExYxZeg9nttoV6d6pe0d090sgm+F7TIB4FpI+i4\/J7bldOHr2OD2e3pT2XYqzWOAqvPfF\/iBsNb3DkWxedJcDkJfstvEVawfWjA0EBrhOImJkenFcntVRFDaiaRw03tBh0vvEnFNiJNgCYi8GVe7K1KQYXvJc6S91o75xYhGmEYYPEkxBCvObw2nG6y0Xbre5q4KFN38qiwMwgzidM3ER3RhAM6HNY7YtpNN0gmJggWkZX53VzfG0434g0AOEgAfLrBvJN7nj0lc6kLnpK3wx1jplnf646O9WXZUYCA5rTqIJv3eEXHA5rlXUoqE5k+eQ4EZ2hRuVyaRldkAkUxKcyqSdF78EN04QaxQmPFOn2cW8UkhtXqOk9ECd2aQUrFFkzSR5pC2nv7Jy399PeSAdxUZJR4kBF0QqbEia5BCKEyGCfPRMSmBTxxQZgEVKqRGsZcgTNk4FvogIQScvJklwMQAYIMc+is7rrlrhmAczyB+X6Z8lzzKKm4g+7hFx4cyq7vjb3VHySbWAmbJth2t7HiSMLxJnugh1pEZGxHgFz+Kme2aTTGTnNJ5GHD6nzS9ZJob7ta2zae60Bwe0SBbvYQXfM6b8OkLn4ouPcqZ1ZzmhmLugkhpGUm8W81CnIVpF\/EJN6JpRNCojFKffX9kikgiKIlAin37vKYdHYPlPX7BJLd\/wAp68uA5pKFuec0hlmnfmhSM8pBFF0wCATTccELnImjkmKEgTkpzkmzN\/1VApTgpCPfqnSAmu0TRNgiBCKnGoOR\/RIwe\/fFCPFGSPf4QSqKhPv8KUO\/lkf5j1B\/CiJUw\/03f7m\/dKlECUp09lWgYlOClATCEEcJpTmITWTB5TBEPNAEB093fKev2CSl3U0ua4\/5fZqZTprI5j80LXBE\/PzTQpIbH3tI0sY+idtQ63vqAcuaHDxy4\/eE+H0QA4eHFMRyRA8vXySIsPLxQSNKfv8AqldMSqIoTtTDrKUIITSilRgo2m4SMiE0JY0yYIqak4YDNxiaY8DZQuz6qagJZUGsAj\/i6\/oUqUVykEkgmDhPCXimhAIJFPHBOmQSiKZJAd3cQljj\/n\/1akpuzdOabv8Af\/1Yksq2nxwHe+SRievFE4G9skQJvnDvWPoqSFozyy4T5Iiz6op5Zez904aY9z5oHEWDomk5Dh9c1I+5CjwpkjLUyk+HfLz8kJZf0TIPJPHNOWpsCCCUipG0k7qcW\/VAQtKeVIG++SRbxQAA6qbYhcji1w9JUWAqbZmgPB66aYSiwfqt4okgEUIASUyke1BhPBBE5NKL4aLB4qi2ApyPsjLUxbdAaXssyab8v9T\/AKMSU3ZIfyn\/APyH\/wCjEllXRjOP\/9k=\" data-unique-identifier=\"\" \/><\/span><\/div>\n<div><\/div>\n<div><strong><span style=\"font-family: arial, helvetica, sans-serif;\">Doch wer war dieser Mann und was hat er zu seiner Zeit so Bedeutendes geleistet, dass wir uns heute noch daran erinnern?<\/span><\/strong><\/div>\n<ul class=\"Apple-dash-list\">\n<li><span style=\"font-family: arial, helvetica, sans-serif;\">Friedrich Ludwig Jahn wurde am <strong>11. August 1778<\/strong> in Lanz an der Prignitz <strong>geboren<\/strong>.<\/span><\/li>\n<li><span style=\"font-family: arial, helvetica, sans-serif;\">In seinem Elternhaus erlebte er eine sehr gl\u00fcckliche Kindheit.<\/span><\/li>\n<li><span style=\"font-family: arial, helvetica, sans-serif;\">Sein Vater, ein Pfarrer, unterrichtete ihn in Latein und seine Mutter brachte ihm das Lesen, Schreiben und Rechnen sowie viele andere Dinge bei.<\/span><\/li>\n<li><span style=\"font-family: arial, helvetica, sans-serif;\">Ab 1809 verdiente er seinen Lebensunterhalt als <strong>Hilfslehrer in Berlin<\/strong>.<\/span><\/li>\n<li><span style=\"font-family: arial, helvetica, sans-serif;\">Mit seinen Sch\u00fclern <strong>wanderte er oft<\/strong> bis vor die Stadtgrenze.<\/span><\/li>\n<li><span style=\"font-family: arial, helvetica, sans-serif;\"><strong>In der Natur turnten<\/strong> und spielten sie nach dem Motto &#8222;Frisch, fromm, fr\u00f6hlich, frei!&#8220;<\/span><\/li>\n<li><span style=\"font-family: arial, helvetica, sans-serif;\">Friedrich Ludwig Jahn <strong>erkannte, wie gut die sportliche Bet\u00e4tigung den Kindern tat und es war ihm wichtig, K\u00f6rper\u00a0<i>und<\/i>\u00a0Geist der jungen Menschen zu f\u00f6rdern.<\/strong><\/span><\/li>\n<li>\n<div><span style=\"font-family: arial, helvetica, sans-serif;\">1811 entstand <strong>vor den Toren Berlins<\/strong> der &#8222;<strong>Turnplatz auf der Hasenheide<\/strong>&#8222;, wo durch Turnen und Spiel die k\u00f6rperlichen Voraussetzungen f\u00fcr seine vaterl\u00e4ndischen Ideen bei Jugendlichen und sp\u00e4ter auch bei den Erwachsenen geschaffen werden konnten. <\/span><\/div>\n<\/li>\n<li>\n<div><span style=\"font-family: arial, helvetica, sans-serif;\">Die Errichtung dieses Turnplatzes kann also als die <strong>Geburtsstunde des Turnens<\/strong> (Ger\u00e4tturnens) angesehen werden.<\/span><\/div>\n<\/li>\n<li>\n<div><span style=\"font-family: arial, helvetica, sans-serif;\">F\u00fcnf Jahre sp\u00e4ter (1816) berichtete JAHN dar\u00fcber in seinem Buch &#8222;Die DeutscheTurnkunst&#8220;: Die Turner trugen einheitlich graue Leinenkleidung, ohne Kopfbedeckung und Schuhe. Zu essen gab es Brot und Salz und zum Trinken Wasser. <strong>Auch die M\u00e4dchen sollten turnen; sie machten alle \u00dcbungen wie Klettern, Springen, Laufen, Spielen<\/strong> und auch das milit\u00e4rische Exerzieren und Schie\u00dfen<\/span><\/div>\n<\/li>\n<li>\n<div><span style=\"font-family: arial, helvetica, sans-serif;\">An freien Nachmittagen zog der vollb\u00e4rtige, langhaarige Hilfslehrer mit Sch\u00fclern vom Grauen Kloster in die Hasenheide.<\/span><\/div>\n<\/li>\n<li>\n<div><span style=\"font-family: arial, helvetica, sans-serif;\"><strong>Ger\u00e4te\u00fcbungen am Pferd, Kletterger\u00fcst, an Ringen und Schwebebalken<\/strong> \u00fcbernahm Jahn von Friedrich GutsMuths.<\/span><\/div>\n<\/li>\n<li>\n<div><strong><span style=\"font-family: arial, helvetica, sans-serif;\">Neu entwickelt hatte Jahn das Barren- und Reckturnen, ebenso bezog er Schwimmen, Fechten und Wandern in seine \u00dcbungen ein.<\/span><\/strong><\/div>\n<\/li>\n<li>\n<div><span style=\"font-family: arial, helvetica, sans-serif;\">Seine Leibes\u00fcbungen begriff Jahn damals als Vorbereitung auf den Freiheitskampf gegen die napoleonische Fremdherrschaft.<\/span><\/div>\n<\/li>\n<li>\n<div><span style=\"font-family: arial, helvetica, sans-serif;\">Jahn nannte es <strong>&#8222;Turnen&#8220; &#8211; diese Wortsch\u00f6pfung hat er selbst kreiert<\/strong>, als vermeintlich deutsches Stammwort von &#8222;Turnier&#8220;.<\/span><\/div>\n<\/li>\n<li>\n<div><strong><span style=\"font-family: arial, helvetica, sans-serif;\">Und das Volk turnte.<\/span><\/strong><\/div>\n<\/li>\n<li>\n<div><span style=\"font-family: arial, helvetica, sans-serif;\">Zwischen 1814 und 1817 trimmten sich bereits 12\u00a0000 Turner auf Turnpl\u00e4tzen f\u00fcr den Ernstfall.<\/span><\/div>\n<\/li>\n<li>\n<div><span style=\"font-family: arial, helvetica, sans-serif;\">Bevor seine Turnbewegung einen herben R\u00fcckschlag erlitt: Seine Bestrebungen wurden von der preu\u00dfischen Regierung in einer Zeit der Restauration bald als staatsgef\u00e4hrdend angesehen.<\/span><\/div>\n<\/li>\n<li>\n<div><span style=\"font-family: arial, helvetica, sans-serif;\">1819 wurde die Turnerei in der Hasenheide verboten.<\/span><\/div>\n<\/li>\n<li>\n<div><span style=\"font-family: arial, helvetica, sans-serif;\">Ein Jahr sp\u00e4ter wurde die &#8222;Turnsperre&#8220; ausgerufen und Jahn verhaftet.<\/span><\/div>\n<\/li>\n<li>\n<div><span style=\"font-family: arial, helvetica, sans-serif;\">Erst 1840 rehabilitiert ihn Friedrich Wilhelm IV.<\/span><\/div>\n<\/li>\n<li>\n<div><span style=\"font-family: arial, helvetica, sans-serif;\">Ab 1844 durfte man in der Hasenheide wieder turnen.<\/span><\/div>\n<\/li>\n<li>\n<div><strong><span style=\"font-family: arial, helvetica, sans-serif;\">Was heute noch an den 1852 verstorbenen Turnvater Jahn erinnert, ist ein Jahn-Denkmal in der Hasenheide, und zahlreiche Turnvereine, Sporthallen und -pl\u00e4tze, die seinen Namen tragen.<\/span><\/strong><\/div>\n<\/li>\n<li><strong><span style=\"font-family: arial, helvetica, sans-serif;\">1905 wurde Turnen in ganz Preu\u00dfen Pflichtfach f\u00fcr Jungen und M\u00e4dchen.<\/span><\/strong><\/li>\n<li><span style=\"font-family: arial, helvetica, sans-serif;\">Friedrich Ludwig Jahn hatte einen umstrittenen Ruf: F\u00fcr die einen ist Jahn der Turn-Gott, f\u00fcr die anderen Begr\u00fcnder eines Vorl\u00e4ufers des Nationalsozialismus.<\/span><\/li>\n<li><span style=\"font-family: arial, helvetica, sans-serif;\"><strong>Zweifelsohne hat er seinerzeit wichtige Impulse f\u00fcr den Breitensport gesetzt<\/strong>.<\/span><\/li>\n<\/ul>\n<p style=\"text-align: center;\"><strong><span style=\"font-family: arial, helvetica, sans-serif;\">Und wer heute turnt und sich sportlich fit h\u00e4lt, <\/span><\/strong><\/p>\n<p style=\"text-align: center;\"><strong><span style=\"font-family: arial, helvetica, sans-serif;\">k\u00e4mpft damit h\u00f6chstens einen Kampf gegen die eigenen Fettp\u00f6lsterchen. <\/span><\/strong><\/p>\n<p style=\"text-align: center;\"><strong><span style=\"font-family: arial, helvetica, sans-serif;\">Das ist gesund &#8211; und ganz unpolitisch.<\/span><\/strong><\/p>\n","protected":false},"excerpt":{"rendered":"<p>Das Geheimnis, mit allen Menschen in Frieden zu leben, besteht in der Kunst, jeden seiner Individualit\u00e4t nach zu verstehen.\u201c Friedrich Ludwig Jahn (1778-1852) Unsere Schule tr\u00e4gt seinen Namen: Friedrich Ludwig [&hellip;]<\/p>\n","protected":false},"author":3,"featured_media":0,"parent":0,"menu_order":0,"comment_status":"closed","ping_status":"closed","template":"","meta":{"footnotes":""},"class_list":["post-4606","page","type-page","status-publish","hentry"],"_links":{"self":[{"href":"https:\/\/friedrich-ludwig-jahn-grundschule-luebben.de\/index.php?rest_route=\/wp\/v2\/pages\/4606","targetHints":{"allow":["GET"]}}],"collection":[{"href":"https:\/\/friedrich-ludwig-jahn-grundschule-luebben.de\/index.php?rest_route=\/wp\/v2\/pages"}],"about":[{"href":"https:\/\/friedrich-ludwig-jahn-grundschule-luebben.de\/index.php?rest_route=\/wp\/v2\/types\/page"}],"author":[{"embeddable":true,"href":"https:\/\/friedrich-ludwig-jahn-grundschule-luebben.de\/index.php?rest_route=\/wp\/v2\/users\/3"}],"replies":[{"embeddable":true,"href":"https:\/\/friedrich-ludwig-jahn-grundschule-luebben.de\/index.php?rest_route=%2Fwp%2Fv2%2Fcomments&post=4606"}],"version-history":[{"count":3,"href":"https:\/\/friedrich-ludwig-jahn-grundschule-luebben.de\/index.php?rest_route=\/wp\/v2\/pages\/4606\/revisions"}],"predecessor-version":[{"id":4609,"href":"https:\/\/friedrich-ludwig-jahn-grundschule-luebben.de\/index.php?rest_route=\/wp\/v2\/pages\/4606\/revisions\/4609"}],"wp:attachment":[{"href":"https:\/\/friedrich-ludwig-jahn-grundschule-luebben.de\/index.php?rest_route=%2Fwp%2Fv2%2Fmedia&parent=4606"}],"curies":[{"name":"wp","href":"https:\/\/api.w.org\/{rel}","templated":true}]}}