{"id":553,"date":"2021-08-12T17:59:01","date_gmt":"2021-08-12T15:59:01","guid":{"rendered":"http:\/\/xn--friedrich-ludwig-jahn-grundschule-lbben-zce.de\/?page_id=553"},"modified":"2025-10-12T20:52:52","modified_gmt":"2025-10-12T18:52:52","slug":"allgemeine-informationen-uber-unsere-schule","status":"publish","type":"page","link":"https:\/\/friedrich-ludwig-jahn-grundschule-luebben.de\/?page_id=553","title":{"rendered":"Allgemeine Informationen \u00fcber unsere Schule"},"content":{"rendered":"<h2 style=\"text-align: center;\"><span style=\"text-decoration: underline; font-family: arial, helvetica, sans-serif; font-size: 10pt;\">Fortbildungsschwerpunkte\u00a0<\/span><\/h2>\n<ul>\n<li><span style=\"font-family: arial, helvetica, sans-serif; font-size: 10pt;\">Fortschreibung des Schulinternen Curriculums (Schic)<\/span><\/li>\n<li><span style=\"font-family: arial, helvetica, sans-serif; font-size: 10pt;\">F\u00f6rderung der Kompetenzen der Sch\u00fclerinnen und Sch\u00fcler im Lesen, Schreiben, Sprechen und Rechnen<\/span><\/li>\n<li><span style=\"font-family: arial, helvetica, sans-serif; font-size: 10pt;\">Fach- und klassen\u00fcbergreifende Projekte<\/span><\/li>\n<li><span style=\"font-family: arial, helvetica, sans-serif; font-size: 10pt;\">Leseband<\/span><\/li>\n<li><span style=\"font-family: arial, helvetica, sans-serif; font-size: 10pt;\">Optimierung des \u00dcbergangs- Kita- Schule<\/span><\/li>\n<li><span style=\"font-family: arial, helvetica, sans-serif; font-size: 10pt;\">Schwerpunktsetzungen in den einzelnen F\u00e4chern\u00a0<\/span><\/li>\n<li><span style=\"font-family: arial, helvetica, sans-serif; font-size: 10pt;\">Umgang mit Medien (schul.cloud, weBBschule, Anton-App, Antolin, interaktive Tafen&#8230;)<\/span><\/li>\n<\/ul>\n<h2 style=\"text-align: center;\"><span style=\"font-family: arial, helvetica, sans-serif; font-size: 10pt;\"><strong><span style=\"text-decoration: underline;\">Lernformen<\/span><\/strong><\/span><\/h2>\n<ul>\n<li><span style=\"font-family: arial, helvetica, sans-serif; font-size: 10pt;\">Frontalunterricht<\/span><\/li>\n<li><span style=\"font-family: arial, helvetica, sans-serif; font-size: 10pt;\">Partnerarbeit<\/span><\/li>\n<li><span style=\"font-family: arial, helvetica, sans-serif; font-size: 10pt;\">Gruppenarbeit<\/span><\/li>\n<li><span style=\"font-family: arial, helvetica, sans-serif; font-size: 10pt;\">Projektunterricht<\/span><\/li>\n<li><span style=\"font-family: arial, helvetica, sans-serif; font-size: 10pt;\">Wochenplanarbeit<\/span><\/li>\n<li><span style=\"font-family: arial, helvetica, sans-serif; font-size: 10pt;\">Einsatz von Eltern\/ Gro\u00dfeltern im Unterricht<\/span><\/li>\n<li><span style=\"font-family: arial, helvetica, sans-serif; font-size: 10pt;\">Leseomis<\/span><\/li>\n<li><span style=\"font-family: arial, helvetica, sans-serif; font-size: 10pt;\">F\u00e4cher\u00fcbergreifender Unterricht<\/span><\/li>\n<\/ul>\n<h2 style=\"text-align: center;\"><span style=\"font-family: arial, helvetica, sans-serif; font-size: 10pt;\"><strong><span style=\"text-decoration: underline;\">Regelm\u00e4\u00dfig stattfindende Schulveranstaltungen\/ Projekte<\/span><\/strong><\/span><\/h2>\n<ul>\n<li><span style=\"font-family: arial, helvetica, sans-serif; font-size: 10pt;\">Sportfeste (leichtathletisches Sportfest)<\/span><\/li>\n<li><span style=\"font-family: arial, helvetica, sans-serif; font-size: 10pt;\">Vorausscheide f\u00fcr Regionalturniere (&#8222;Jugend trainiert f\u00fcr Olympia) im Handball, Fu\u00dfball, in der Leichtathletik<\/span><\/li>\n<li><span style=\"font-family: arial, helvetica, sans-serif; font-size: 10pt;\">Mathematikolympiade<\/span><\/li>\n<li><span style=\"font-family: arial, helvetica, sans-serif; font-size: 10pt;\">Turniere im Handball\/ Zweifelderball\/ Basketball<\/span><\/li>\n<li><span style=\"font-family: arial, helvetica, sans-serif; font-size: 10pt;\">Schulmeisterschaften im Hochsprung<\/span><\/li>\n<li><span style=\"font-family: arial, helvetica, sans-serif; font-size: 10pt;\">Herbst &#8211; Oster &#8211; und Weihnachtsprojekte<\/span><\/li>\n<li><span style=\"font-family: arial, helvetica, sans-serif; font-size: 10pt;\">Schnuppertage f\u00fcr die zuk\u00fcnftigen Schulanf\u00e4nger\/-innen<\/span><\/li>\n<li><span style=\"font-family: arial, helvetica, sans-serif; font-size: 10pt;\">verschiedene Wandertage<\/span><\/li>\n<li><span style=\"font-family: arial, helvetica, sans-serif; font-size: 10pt;\">K\u00e4nguru &#8211; Wettbewerb<\/span><\/li>\n<li><span style=\"font-family: arial, helvetica, sans-serif; font-size: 10pt;\">gemeinsame Feste von einzelnen Klassen\u00a0<\/span><\/li>\n<li><span style=\"font-family: arial, helvetica, sans-serif; font-size: 10pt;\">Projekt zur Gewaltpr\u00e4vention<\/span><\/li>\n<li><span style=\"font-family: arial, helvetica, sans-serif; font-size: 10pt;\">Projekt: &#8222;Umgang mit Fremden&#8220; in der Klassenstufe 2<\/span><\/li>\n<li><span style=\"font-family: arial, helvetica, sans-serif; font-size: 10pt;\">Fest der musikalischen Talente<\/span><\/li>\n<li><span style=\"font-family: arial, helvetica, sans-serif; font-size: 10pt;\">Sponsorenlauf<\/span><\/li>\n<li><span style=\"font-family: arial, helvetica, sans-serif; font-size: 10pt;\">Skilager f\u00fcr die Klassenstufe 5<\/span><\/li>\n<li><span style=\"font-family: arial, helvetica, sans-serif; font-size: 10pt;\">Vorlesewettbewerb in der Klassenstufe 6<\/span><\/li>\n<li><span style=\"font-family: arial, helvetica, sans-serif; font-size: 10pt;\">Filmernst f\u00fcr alle Klassenstufen<\/span><\/li>\n<li><span style=\"font-family: arial, helvetica, sans-serif; font-size: 10pt;\">EMOTIKON in Klassenstufe 3<\/span><\/li>\n<li><span style=\"font-family: arial, helvetica, sans-serif; font-size: 10pt;\">Teilnahme am Welttag des Buches<\/span><\/li>\n<li><span style=\"font-family: arial, helvetica, sans-serif; font-size: 10pt;\">Grundschultag des HVB: Klassenstufe 3<\/span><\/li>\n<li><span style=\"font-family: arial, helvetica, sans-serif; font-size: 10pt;\">Antolin\/ Anton &#8211; App\/ schulcloud<\/span><\/li>\n<li><span style=\"font-family: arial, helvetica, sans-serif; font-size: 10pt;\">Schwimmunterricht in der Klassenstufe 3<\/span><\/li>\n<li><span style=\"font-family: arial, helvetica, sans-serif; font-size: 10pt;\">Fahrradausbildung in der Klassenstufe 4<\/span><\/li>\n<li><span style=\"font-family: arial, helvetica, sans-serif; font-size: 10pt;\">Schulfahrten<\/span><\/li>\n<li><span style=\"font-family: arial, helvetica, sans-serif; font-size: 10pt;\">sportliches Fest zum Kindertag am 1. Juni<\/span><\/li>\n<li><span style=\"font-family: arial, helvetica, sans-serif; font-size: 10pt;\">Einsatz von Streitschlichtern<\/span><\/li>\n<\/ul>\n<p>&nbsp;<\/p>\n","protected":false},"excerpt":{"rendered":"<p>Fortbildungsschwerpunkte\u00a0 Fortschreibung des Schulinternen Curriculums (Schic) F\u00f6rderung der Kompetenzen der Sch\u00fclerinnen und Sch\u00fcler im Lesen, Schreiben, Sprechen und Rechnen Fach- und klassen\u00fcbergreifende Projekte Leseband Optimierung des \u00dcbergangs- Kita- Schule Schwerpunktsetzungen [&hellip;]<\/p>\n","protected":false},"author":1,"featured_media":0,"parent":0,"menu_order":0,"comment_status":"closed","ping_status":"open","template":"","meta":{"footnotes":""},"class_list":["post-553","page","type-page","status-publish","hentry"],"_links":{"self":[{"href":"https:\/\/friedrich-ludwig-jahn-grundschule-luebben.de\/index.php?rest_route=\/wp\/v2\/pages\/553","targetHints":{"allow":["GET"]}}],"collection":[{"href":"https:\/\/friedrich-ludwig-jahn-grundschule-luebben.de\/index.php?rest_route=\/wp\/v2\/pages"}],"about":[{"href":"https:\/\/friedrich-ludwig-jahn-grundschule-luebben.de\/index.php?rest_route=\/wp\/v2\/types\/page"}],"author":[{"embeddable":true,"href":"https:\/\/friedrich-ludwig-jahn-grundschule-luebben.de\/index.php?rest_route=\/wp\/v2\/users\/1"}],"replies":[{"embeddable":true,"href":"https:\/\/friedrich-ludwig-jahn-grundschule-luebben.de\/index.php?rest_route=%2Fwp%2Fv2%2Fcomments&post=553"}],"version-history":[{"count":23,"href":"https:\/\/friedrich-ludwig-jahn-grundschule-luebben.de\/index.php?rest_route=\/wp\/v2\/pages\/553\/revisions"}],"predecessor-version":[{"id":7297,"href":"https:\/\/friedrich-ludwig-jahn-grundschule-luebben.de\/index.php?rest_route=\/wp\/v2\/pages\/553\/revisions\/7297"}],"wp:attachment":[{"href":"https:\/\/friedrich-ludwig-jahn-grundschule-luebben.de\/index.php?rest_route=%2Fwp%2Fv2%2Fmedia&parent=553"}],"curies":[{"name":"wp","href":"https:\/\/api.w.org\/{rel}","templated":true}]}}