{"id":7506,"date":"2026-03-03T14:37:08","date_gmt":"2026-03-03T13:37:08","guid":{"rendered":"https:\/\/friedrich-ludwig-jahn-grundschule-luebben.de\/?page_id=7506"},"modified":"2026-03-03T14:57:05","modified_gmt":"2026-03-03T13:57:05","slug":"foerderverein-2","status":"publish","type":"page","link":"https:\/\/friedrich-ludwig-jahn-grundschule-luebben.de\/?page_id=7506","title":{"rendered":"F\u00f6rderverein"},"content":{"rendered":"<p><img loading=\"lazy\" decoding=\"async\" class=\"alignleft wp-image-7507 size-thumbnail\" src=\"https:\/\/friedrich-ludwig-jahn-grundschule-luebben.de\/wp-content\/uploads\/2026\/03\/Logo-Foerderverein-150x150.jpg\" alt=\"\" width=\"150\" height=\"150\" srcset=\"https:\/\/friedrich-ludwig-jahn-grundschule-luebben.de\/wp-content\/uploads\/2026\/03\/Logo-Foerderverein-150x150.jpg 150w, https:\/\/friedrich-ludwig-jahn-grundschule-luebben.de\/wp-content\/uploads\/2026\/03\/Logo-Foerderverein-300x300.jpg 300w, https:\/\/friedrich-ludwig-jahn-grundschule-luebben.de\/wp-content\/uploads\/2026\/03\/Logo-Foerderverein-36x36.jpg 36w, https:\/\/friedrich-ludwig-jahn-grundschule-luebben.de\/wp-content\/uploads\/2026\/03\/Logo-Foerderverein.jpg 592w\" sizes=\"auto, (max-width: 150px) 100vw, 150px\" \/><span style=\"font-size: 18pt;\"><strong>\ud83d\udc99 Willkommen beim F\u00f6rderverein der Sportbetonten 1. Grundschule L\u00fcbben e.V.<\/strong><\/span><\/p>\n<p><a href=\"https:\/\/friedrich-ludwig-jahn-grundschule-luebben.de\/wp-content\/uploads\/2026\/03\/Foederverein2026.jpg\" data-lbwps-width=\"1477\" data-lbwps-height=\"832\" data-lbwps-srcsmall=\"https:\/\/friedrich-ludwig-jahn-grundschule-luebben.de\/wp-content\/uploads\/2026\/03\/Foederverein2026-300x169.jpg\"><img loading=\"lazy\" decoding=\"async\" class=\"alignnone size-large wp-image-7508\" src=\"https:\/\/friedrich-ludwig-jahn-grundschule-luebben.de\/wp-content\/uploads\/2026\/03\/Foederverein2026-1024x577.jpg\" alt=\"\" width=\"620\" height=\"349\" srcset=\"https:\/\/friedrich-ludwig-jahn-grundschule-luebben.de\/wp-content\/uploads\/2026\/03\/Foederverein2026-1024x577.jpg 1024w, https:\/\/friedrich-ludwig-jahn-grundschule-luebben.de\/wp-content\/uploads\/2026\/03\/Foederverein2026-300x169.jpg 300w, https:\/\/friedrich-ludwig-jahn-grundschule-luebben.de\/wp-content\/uploads\/2026\/03\/Foederverein2026-768x433.jpg 768w, https:\/\/friedrich-ludwig-jahn-grundschule-luebben.de\/wp-content\/uploads\/2026\/03\/Foederverein2026.jpg 1477w\" sizes=\"auto, (max-width: 620px) 100vw, 620px\" \/><\/a><\/p>\n<p>&nbsp;<\/p>\n<p><b>Gemeinsam f\u00fcr unsere Kinder<\/b><\/p>\n<p>Liebe Eltern, liebe Erziehungsberechtigte, liebe Unterst\u00fctzer,<\/p>\n<p>der F\u00f6rderverein der Sportbetonten 1. Grundschule L\u00fcbben setzt sich mit Herz und Engagement f\u00fcr unsere Kinder ein. Unser Ziel ist es, das Schulleben aktiv mitzugestalten und dort zu unterst\u00fctzen, wo zus\u00e4tzliche Hilfe gebraucht wird.<br \/>\nWir m\u00f6chten dazu beitragen, dass unsere Schule nicht nur ein Lernort, sondern ein lebendiger Raum f\u00fcr Gemeinschaft, Bewegung, Kreativit\u00e4t und Freude ist.<\/p>\n<p>\ud83c\udfaf Was wir m\u00f6glich machen<br \/>\nAls F\u00f6rderverein unterst\u00fctzen wir die Schule \u00fcberall dort, wo \u00f6ffentliche Mittel nicht ausreichen. Zum Beispiel durch:<br \/>\nZusch\u00fcsse zu Schul- und Klassenfahrten<br \/>\nUnterst\u00fctzung bei Schulfeiern und Projekttagen<br \/>\nAnschaffung zus\u00e4tzlicher Lehr- und Sportmaterialien<br \/>\nF\u00f6rderung von Arbeitsgemeinschaften<br \/>\nHilfe f\u00fcr Familien in finanziellen H\u00e4rtef\u00e4llen<br \/>\nPflege von Traditionen unserer sportbetonten Schule<br \/>\nJeder Beitrag \u2013 ob gro\u00df oder klein \u2013 hilft direkt unseren Kindern.<\/p>\n<p>\ud83e\udd1d Gemeinsam stark<br \/>\nUnser Verein lebt vom Engagement der Eltern, Lehrkr\u00e4fte und Unterst\u00fctzer. Mitglied kann jeder werden, der die Schule und ihre Arbeit f\u00f6rdern m\u00f6chte.<br \/>\nMit Ihrem Beitrag helfen Sie, Chancen zu schaffen, Gemeinschaft zu st\u00e4rken und unseren Kindern besondere Erlebnisse zu erm\u00f6glichen.<\/p>\n<p>\ud83d\udc8c Machen Sie mit!<br \/>\nOb als Mitglied, durch eine Spende oder durch aktive Unterst\u00fctzung bei Veranstaltungen \u2013 wir freuen uns \u00fcber jede Form der Mithilfe.<br \/>\nGemeinsam gestalten wir Schule. F\u00fcr unsere Kinder. F\u00fcr ihre Zukunft.<\/p>\n<p>&nbsp;<\/p>\n","protected":false},"excerpt":{"rendered":"<p>\ud83d\udc99 Willkommen beim F\u00f6rderverein der Sportbetonten 1. Grundschule L\u00fcbben e.V. &nbsp; Gemeinsam f\u00fcr unsere Kinder Liebe Eltern, liebe Erziehungsberechtigte, liebe Unterst\u00fctzer, der F\u00f6rderverein der Sportbetonten 1. Grundschule L\u00fcbben setzt sich [&hellip;]<\/p>\n","protected":false},"author":2,"featured_media":0,"parent":0,"menu_order":0,"comment_status":"closed","ping_status":"closed","template":"","meta":{"footnotes":""},"class_list":["post-7506","page","type-page","status-publish","hentry"],"_links":{"self":[{"href":"https:\/\/friedrich-ludwig-jahn-grundschule-luebben.de\/index.php?rest_route=\/wp\/v2\/pages\/7506","targetHints":{"allow":["GET"]}}],"collection":[{"href":"https:\/\/friedrich-ludwig-jahn-grundschule-luebben.de\/index.php?rest_route=\/wp\/v2\/pages"}],"about":[{"href":"https:\/\/friedrich-ludwig-jahn-grundschule-luebben.de\/index.php?rest_route=\/wp\/v2\/types\/page"}],"author":[{"embeddable":true,"href":"https:\/\/friedrich-ludwig-jahn-grundschule-luebben.de\/index.php?rest_route=\/wp\/v2\/users\/2"}],"replies":[{"embeddable":true,"href":"https:\/\/friedrich-ludwig-jahn-grundschule-luebben.de\/index.php?rest_route=%2Fwp%2Fv2%2Fcomments&post=7506"}],"version-history":[{"count":2,"href":"https:\/\/friedrich-ludwig-jahn-grundschule-luebben.de\/index.php?rest_route=\/wp\/v2\/pages\/7506\/revisions"}],"predecessor-version":[{"id":7515,"href":"https:\/\/friedrich-ludwig-jahn-grundschule-luebben.de\/index.php?rest_route=\/wp\/v2\/pages\/7506\/revisions\/7515"}],"wp:attachment":[{"href":"https:\/\/friedrich-ludwig-jahn-grundschule-luebben.de\/index.php?rest_route=%2Fwp%2Fv2%2Fmedia&parent=7506"}],"curies":[{"name":"wp","href":"https:\/\/api.w.org\/{rel}","templated":true}]}}